*n - 38. Give q(-38).
0
Let r(q) = q**3 + 28*q**2 + 54*q + 68. Determine r(-26).
16
Let b(h) = h**2 - 7*h - 49. Calculate b(-4).
-5
Let n(s) = 4*s. Calculate n(-6).
-24
Let d(c) = c**2 + 10*c - 16. Determine d(-11).
-5
Let r(h) = -2*h + 55. Calculate r(24).
7
Let p(m) = -m + 5. What is p(4)?
1
Let r(w) = w**3 - 5*w**2 - 14*w + 2. Determine r(6).
-46
Let d(p) = -p**3 - 26*p**2 + 87*p - 6. Calculate d(-29).
-6
Let g(w) = -4*w + 71. Give g(18).
-1
Let i(g) = g**3 + 11*g**2 + 16*g + 25. Determine i(-10).
-35
Let c(q) = q**3 + 8*q**2 + 5*q. Calculate c(-7).
14
Let h(d) = d**2 - 6*d - 19. What is h(9)?
8
Let q(s) = s - 31. What is q(27)?
-4
Let h(m) = m**3. Give h(2).
8
Let t(h) = -h**3 - 6*h**2 - 6*h. Give t(-4).
-8
Let l(o) = -o**3 - 15*o**2 + 4. Give l(-15).
4
Let k(i) = -i**2 - 30*i - 196. Calculate k(-9).
-7
Let b(a) = -a + 4. Determine b(3).
1
Let k(c) = c**3 + 7*c**2 + 8*c - 4. What is k(-6)?
-16
Let u(c) = -7*c**2 + c. Determine u(2).
-26
Let u(h) = 114*h + 689. What is u(-6)?
5
Let f(i) = i**3 - 5*i**2 + 4*i - 3. Calculate f(3).
-9
Let q(c) = 3*c**2 - 14*c - 7. What is q(6)?
17
Let q(j) = j**3 + j**2 - 2. What is q(-1)?
-2
Let w(x) = -2*x + 46. Give w(23).
0
Let a(t) = -28*t - 595. What is a(-21)?
-7
Let v(t) = -t**3 - 24*t**2 - 25*t - 54. What is v(-23)?
-8
Let u(h) = -h**3 - 7*h**2 + 3*h + 25. What is u(-7)?
4
Let t(g) = 2*g - 32. Give t(13).
-6
Let q(w) = -8*w + 52. Determine q(9).
-20
Let b(m) = -m**3 - 3*m**2 + 2*m - 6. Determine b(-3).
-12
Let s(j) = 5*j + 28. Calculate s(5).
53
Let b(x) = x**2 + 11*x + 1. Determine b(-6).
-29
Let o(k) = 2*k**2 - 12*k - 184. Determine o(13).
-2
Let r(y) = -2*y**3 - 5*y**2 + 16*y - 7. Determine r(-5).
38
Let n(b) = -b**3 + b**2 - 2*b + 59. Give n(0).
59
Let x(b) = -b**2 + 5*b - 3. Calculate x(2).
3
Let o(x) = 2*x + 6. Calculate o(9).
24
Let o(a) = -12*a + 11. Give o(2).
-13
Let q(t) = t**3 + 7*t**2 + t - 3. Give q(-6).
27
Let h(b) = -b**3 + 5*b**2 + 7*b - 3. Determine h(6).
3
Let o(h) = 5*h**3 + 1. Calculate o(-2).
-39
Let l(q) = q - 7. Determine l(-8).
-15
Let c(d) = -22*d**2 + 11*d + 1. Calculate c(1).
-10
Let f(y) = 3*y**2 + 27*y + 14. What is f(-11)?
80
Let y(l) = 2*l**3 - 22*l**2 + 19*l + 4. Determine y(10).
-6
Let b(d) = -d**3 + 5*d**2 - 7*d + 12. What is b(4)?
0
Let c(x) = -2*x**2 + 7*x + 10. Give c(-2).
-12
Let d(w) = -w**2 - 15*w + 16. Calculate d(-7).
72
Let k(r) = r**3 - 41*r**2 - 44*r + 71. What is k(42)?
-13
Let d(f) = -f**2 + 13*f - 13. Determine d(14).
-27
Let g(w) = -w**3 - 5*w**2 + 2*w - 1. What is g(-4)?
-25
Let o(s) = -9*s + 7. Give o(1).
-2
Let b(t) = -34*t + 4. Determine b(2).
-64
Let g(s) = s**2 + 8*s + 15. Calculate g(-8).
15
Let k(t) = -18*t**2 + t + 2. Give k(-1).
-17
Let i(u) = -u**2 + 9*u + 6. What is i(0)?
6
Let t(x) = 2*x + 1. Determine t(5).
11
Let b(r) = r**3 - 17*r - 1. Give b(-4).
3
Let h(i) = 21*i - 29. Determine h(5).
76
Let r(p) = -19*p**2 - 3*p - 1. Give r(-1).
-17
Let w(m) = -m**3 - 12*m**2 - 11*m + 14. Give w(-11).
14
Let u(x) = 5*x - 2. What is u(9)?
43
Let t(u) = -u**2 - u + 15. Give t(0).
15
Let c(k) = k**2 + 17*k - 72. Determine c(-20).
-12
Let j(b) = b**3 - 10*b**2 - 27*b - 19. Calculate j(12).
-55
Let x(j) = 3*j**3 + 15*j**2 + 2*j + 11. Calculate x(-5).
1
Let u(l) = 10*l - 52. Calculate u(4).
-12
Let y(j) = 9*j - 2. Determine y(-4).
-38
Let o(v) = 16*v + 2. Determine o(-3).
-46
Let a(t) = 3*t**2 + 9*t + 11. Determine a(-5).
41
Let z(p) = p**3 - 4*p**2 - 7*p - 11. What is z(5)?
-21
Let d(k) = k**2 - 17*k + 72. What is d(8)?
0
Let u(d) = 2*d**3 - 6*d**2 + 12*d - 5. Give u(4).
75
Let y(f) = -8*f**3 - 4*f**2 - 5*f - 1. Give y(-3).
194
Let t(r) = -r**2 + 25*r - 4. Give t(25).
-4
Let c(p) = 3*p - 26. Determine c(5).
-11
Let q(d) = d**2 - 18*d + 12. Determine q(16).
-20
Let d(r) = -4*r + 2. Determine d(-3).
14
Let d(s) = -s**3 - 3*s**2 - 12*s - 31. Calculate d(-2).
-11
Let z(y) = -5*y + 86. Give z(20).
-14
Let v(i) = -3*i**2 - 3*i - 3. Determine v(-2).
-9
Let h(c) = -4*c**2 + 6*c + 7. What is h(5)?
-63
Let k(j) = -j**2 - 2*j - 1. What is k(-1)?
0
Let v(q) = 9*q + 4. Calculate v(-1).
-5
Let v(a) = 3*a**2 - 2*a - 3. What is v(-3)?
30
Let w(u) = u**2 - 15*u - 39. What is w(17)?
-5
Let b(s) = s**3 - 7*s**2 - 16*s - 22. Determine b(9).
-4
Let r(y) = 12*y - 208. What is r(19)?
20
Let b(j) = -20*j + 29. What is b(1)?
9
Let x(w) = w**2 + 7*w - 21. What is x(-9)?
-3
Let j(b) = b**3 - 9*b**2 - 4*b + 40. Calculate j(9).
4
Let w(q) = -q**3 - 6*q**2 - 4*q + 1. What is w(-6)?
25
Let f(o) = 24*o. Give f(1).
24
Let h(l) = -l**3 + 5*l**2 + 8*l - 15. What is h(6)?
-3
Let y(w) = 36*w + 367. Calculate y(-10).
7
Let f(t) = -t**3 - 5*t**2 - 3*t - 2. Calculate f(-4).
-6
Let l(k) = -k**3 - 15*k**2 + 12*k - 64. Give l(-16).
0
Let q(i) = -6*i - 15. Determine q(-13).
63
Let f(z) = -19*z**3 - z - 1. Determine f(-1).
19
Let p(d) = 6*d**2 + 48*d + 33. Calculate p(-8).
33
Let u(l) = l**2 - 13*l - 11. Calculate u(13).
-11
Let d(q) = -3*q**3 + q + 6. Calculate d(3).
-72
Let j(w) = w**3 + 6*w**2 - 6*w + 2. Give j(-7).
-5
Let f(r) = -r**3 - 8*r**2 + 12*r + 31. Give f(-9).
4
Let w(j) = 4*j - 16. Give w(6).
8
Let o(t) = 5*t + 140. Determine o(-27).
5
Let z(s) = -125*s**3 - 2*s**2 - s + 2. What is z(1)?
-126
Let i(r) = -11*r - 26. Give i(-2).
-4
Let z(m) = m**3 - 13*m**2 - 16*m + 4. What is z(14)?
-24
Let z(b) = -35*b**2 + 5*b - 5. Determine z(2).
-135
Let m(k) = -k**2 - 2*k - 42. What is m(0)?
-42
Let j(a) = 4*a**3 - 2*a**2 - a - 2. What is j(2)?
20
Let n(s) = -2*s**3 - 16*s**2 - 19*s - 32. What is n(-7)?
3
Let d(s) = -4*s - 9. Calculate d(6).
-33
Let w(u) = 39*u - 10. Determine w(4).
146
Let r(v) = -v + 8. Determine r(3).
5
Let x(z) = -z**2 - 18. Give x(0).
-18
Let v(b) = -4*b**2 - 5*b + 26. Calculate v(-7).
-135
Let s(c) = 2*c + 4. Determine s(-14).
-24
Let c(u) = 35*u - 1471. Determine c(42).
-1
Let m(h) = -3*h + 55. Determine m(13).
16
Let o(w) = -w**2 - 13*w + 7. Calculate o(-11).
29
Let y(w) = -2*w + 15. Give y(7).
1
Let v(w) = -7*w + 154. Determine v(23).
-7
Let w(l) = -3*l**2 + 24*l + 17. Calculate w(9).
-10
Let x(w) = -w**3 + 12*w**2 + 8*w + 39. Give x(13).
-26
Let z(a) = -a**3 + 18*a**2 + 40*a + 37. Calculate z(20).
37
Let c(g) = -g**2 + 44*g - 257. Determine c(37).
2
Let n(j) = -j**3 - 11*j**2 - 21*j - 22. Give n(-9).
5
Let r(d) = -d**3 + 13*d**2 + 14*d - 1. What is r(14)?
-1
Let z(y) = y**3 - 8*y**2 - 7*y + 1. Calculate z(9).
19
Let j(u) = -u**2 + 8*u + 4. Give j(8).
4
Let p(l) = l**2 + 18*l - 39. Give p(-20).
1
Let h(z) = 4*z - 41. Calculate h(12).
7
Let n(d) = -d**2 - 11*d - 6. Calculate n(-10).
4
Let l(m) = -4*m**3 + 13*m. Give l(2).
-6
Let c(k) = 2*k**2 - 13*k - 3. Determine c(9).
42
Let m(v) = v**3 - 14*v**2 - 13*v - 7. Calculate m(15).
23
Let k(u) = 18*u + 3. What is k(-3)?
-51
Let w(v) = v**3 + 10*v**2 - 7*v - 54. Determine w(-10).
16
Let o(n) = -n**2 - 8*n + 10. Calculate o(-9).
1
Let r(k) = -22*k - 22. Determine r(-5).
88
Let p(w) = -5*w + 6. Determine p(-6).
36
Let k(s) = s**3 - 11*s**2 + 18*s + 7. Give k(9).
7
Let m(v) = 42*v + 1297. Give m(-31).
-5
Let j(k) = -6*k - 23. Calculate j(-3).
-5
Let l(h) = 2*h**2 + 25*h - 39. Calculate l(-14).
3
Let j(w) = 2*w - 1. Give j(6).
11
Let y(d) = 3*d - 26. Calculate y(6).
-8
Let i(a) = -5*a**2 + 2*a + 3. Give i(-3).
-48
Let v(y) = -5*y - 44. Give v(-6).
-14
Let l(c) = -c**3 + 17*c**2 - 16*c - 4. Give l(16).
-4
Let j(b) = b**2 + 7*b + 10. Determine j(-4).
-2
Let i(a) = a + 40. Calculate i(-13).
27
Let c(p) = -p**2 + 13*p + 24. Give c(15).
-6
Let s(r) = 3*r**2 - 28*r + 8. Calculate s(9).
-1
Let l(j) = -7*j + 62. Give l(10).
-8
Let l(r) = -r - 6. Determine l(-7).
1
Let o(c) = 4*c - 3. Give o(5).
17
Let f(c) = c**2 - 13*c + 16. Determine f(12).
4
Let z(c) = -c**2 + c - 7. What is z(6)?
-37
Let y(w) = 18*w + 4. Calculate y(3).
58
Let r(u) = -u**3 + 9*u**2 + 4*u - 13. Calculate r(10).
-73
Let r(j) = j**2 - 3*j - 37. Calculate r(10).
33
Let k(s) = s**3 + 2. Determine k(-2).
-6
Let u(x) = -5*x**2 + 48*x + 15. Calculate u(10).
-5
Let c(d) = -2*d**2 + 12*d + 1. Give c(3).
19
Let d(l) = 4*l**2 + 2*l - 1. Give d(-2).
11
Let b(o) = o**2 - 2*o. Determine b(4).
8
Let j(s) = s**3 - 48*s**2 + 90*s + 89. Determine j(46).
-3
Let f(k) = -6*k - 39. Determine f(-5).
-9
Let p(s) = -48*s - 279. Calculate p(-6).
9
Let v(q) = -q**2 + 11*q - 33. Calculate v(7).
